{"id":1583,"date":"2020-05-11T12:45:19","date_gmt":"2020-05-11T12:45:19","guid":{"rendered":"https:\/\/honduras.kolping.pl\/?page_id=1583"},"modified":"2024-01-18T14:44:53","modified_gmt":"2024-01-18T14:44:53","slug":"nasza-pomoc","status":"publish","type":"page","link":"https:\/\/ukraina.kolping.pl\/index.php\/nasza-pomoc\/","title":{"rendered":"Nasza pomoc"},"content":{"rendered":"\n<h4 class=\"wp-block-heading has-luminous-vivid-amber-background-color has-background\">KOLPING POLSKA OD POCZ\u0104TKU WOJNY REALIZUJE POMOC W ZAKRESIE:<\/h4>\n\n\n\n<div class=\"wp-block-media-text alignwide is-stacked-on-mobile\" style=\"grid-template-columns:39% auto\"><figure class=\"wp-block-media-text__media\"><img loading=\"lazy\" decoding=\"async\" width=\"1024\" height=\"681\" src=\"https:\/\/ukraina.kolping.pl\/wp-content\/uploads\/2024\/01\/Low_Res-36-1-1024x681.jpg\" alt=\"\" class=\"wp-image-3933 size-full\" srcset=\"https:\/\/ukraina.kolping.pl\/wp-content\/uploads\/2024\/01\/Low_Res-36-1-1024x681.jpg 1024w, https:\/\/ukraina.kolping.pl\/wp-content\/uploads\/2024\/01\/Low_Res-36-1-300x200.jpg 300w, https:\/\/ukraina.kolping.pl\/wp-content\/uploads\/2024\/01\/Low_Res-36-1-768x511.jpg 768w, https:\/\/ukraina.kolping.pl\/wp-content\/uploads\/2024\/01\/Low_Res-36-1-1536x1022.jpg 1536w, https:\/\/ukraina.kolping.pl\/wp-content\/uploads\/2024\/01\/Low_Res-36-1-2048x1363.jpg 2048w\" sizes=\"auto, (max-width: 1024px) 100vw, 1024px\" \/><\/figure><div class=\"wp-block-media-text__content\">\n<ul class=\"wp-block-list\">\n<li><strong><mark style=\"background-color:rgba(0, 0, 0, 0)\" class=\"has-inline-color has-luminous-vivid-amber-color\">POMOC BY &#8222;STAN\u0104\u0106 NA NOGI&#8221;:<\/mark><\/strong> Pomagamy znale\u017a\u0107 prac\u0119 w Polsce, organizujemy wsparcie t\u0142umaczeniowe, opiek\u0119 psychologiczn\u0105 i wszelk\u0105 mo\u017cliw\u0105 pomoc, by uchod\u017acy zorganizowali swoje \u017cycie na nowo.<\/li>\n\n\n\n<li><strong><mark style=\"background-color:rgba(0, 0, 0, 0)\" class=\"has-inline-color has-luminous-vivid-amber-color\">TRANSPORTY HUMANITARNE:<\/mark><\/strong> Przekazujemy transporty z pomoc\u0105 humanitarn\u0105 partnerom z KOLPING UKRAINA, kt\u00f3ry pomaga uchod\u017acom wewn\u0119trznym z teren\u00f3w ostrzeliwanych oraz m\u0119\u017cczyznom walcz\u0105cym na froncie. <a href=\"https:\/\/ukraina.kolping.pl\/index.php\/pomoc-humanitarna\/\">Czytaj wi\u0119cej<\/a><\/li>\n\n\n\n<li><mark style=\"background-color:rgba(0, 0, 0, 0)\" class=\"has-inline-color has-luminous-vivid-amber-color\"><strong>POSZUKIWANIA NOWEGO DOMU:<\/strong> <\/mark>Poszukujemy miejsc pobytu r\u00f3wnie\u017c w innych europejskich krajach (w ramach Mi\u0119dzynarodowego Dzie\u0142a Kolpinga). <a href=\"https:\/\/ukraina.kolping.pl\/index.php\/2022\/03\/14\/organizacja-pobytu-w-niemczech-dla-uchodzcow\/\">Czytaj wi\u0119cej<\/a><\/li>\n<\/ul>\n\n\n\n<p><\/p>\n<\/div><\/div>\n\n\n\n<p class=\"has-text-align-right\">&nbsp;<\/p>\n\n\n\n<p>Uruchomili\u015bmy w naszym krakowskim biurze zbi\u00f3rk\u0119 dar\u00f3w rzeczowych. Zbieramy \u017cywno\u015b\u0107 z d\u0142ugim terminem wa\u017cno\u015bci oraz \u015brodki higieniczne, opatrunkowe, \u015brodki czysto\u015bci oraz koce i \u015bpiwory<sup data-fn=\"4cd2c531-8d1b-49cc-8ff9-5b8ae685b55d\" class=\"fn\"><a href=\"#4cd2c531-8d1b-49cc-8ff9-5b8ae685b55d\" id=\"4cd2c531-8d1b-49cc-8ff9-5b8ae685b55d-link\">1<\/a><\/sup>. Umo\u017cliwiamy te\u017c wp\u0142at\u0119 finansow\u0105 na pomoc dla Ukrainy. Wszystkie \u015brodki przeznaczamy na bezpo\u015bredni\u0105 pomoc naszym podopiecznym. <\/p>\n\n\n\n<div class=\"wp-block-buttons is-content-justification-center is-layout-flex wp-container-core-buttons-is-layout-16018d1d wp-block-buttons-is-layout-flex\">\n<div class=\"wp-block-button has-custom-font-size has-medium-font-size\"><a class=\"wp-block-button__link has-vivid-cyan-blue-color has-luminous-vivid-amber-background-color has-text-color has-background wp-element-button\" href=\"https:\/\/ukraina.kolping.pl\/index.php\/wplac\/\">WP\u0141ACAM<\/a><\/div>\n<\/div>\n\n\n\n<p><\/p>\n\n\n\n<p><\/p>\n\n\n\n<figure class=\"wp-block-gallery has-nested-images columns-default is-cropped wp-block-gallery-1 is-layout-flex wp-block-gallery-is-layout-flex\">\n<figure class=\"wp-block-image size-large\"><img loading=\"lazy\" decoding=\"async\" width=\"1024\" height=\"683\" data-id=\"3150\" src=\"https:\/\/ukraina.kolping.pl\/wp-content\/uploads\/2022\/04\/277784622_2165009930318733_7997866397040998811_n-1-1024x683.jpg\" alt=\"\" class=\"wp-image-3150\" srcset=\"https:\/\/ukraina.kolping.pl\/wp-content\/uploads\/2022\/04\/277784622_2165009930318733_7997866397040998811_n-1-1024x683.jpg 1024w, https:\/\/ukraina.kolping.pl\/wp-content\/uploads\/2022\/04\/277784622_2165009930318733_7997866397040998811_n-1-300x200.jpg 300w, https:\/\/ukraina.kolping.pl\/wp-content\/uploads\/2022\/04\/277784622_2165009930318733_7997866397040998811_n-1-768x512.jpg 768w, https:\/\/ukraina.kolping.pl\/wp-content\/uploads\/2022\/04\/277784622_2165009930318733_7997866397040998811_n-1-1536x1024.jpg 1536w, https:\/\/ukraina.kolping.pl\/wp-content\/uploads\/2022\/04\/277784622_2165009930318733_7997866397040998811_n-1.jpg 2048w\" sizes=\"auto, (max-width: 1024px) 100vw, 1024px\" \/><\/figure>\n\n\n\n<figure class=\"wp-block-image size-large\"><img loading=\"lazy\" decoding=\"async\" width=\"2048\" height=\"1536\" data-id=\"3296\" src=\"https:\/\/ukraina.kolping.pl\/wp-content\/uploads\/2022\/05\/280183396_2187280481425011_3003311938101349545_n.jpg\" alt=\"\" class=\"wp-image-3296\" srcset=\"https:\/\/ukraina.kolping.pl\/wp-content\/uploads\/2022\/05\/280183396_2187280481425011_3003311938101349545_n.jpg 2048w, https:\/\/ukraina.kolping.pl\/wp-content\/uploads\/2022\/05\/280183396_2187280481425011_3003311938101349545_n-300x225.jpg 300w, https:\/\/ukraina.kolping.pl\/wp-content\/uploads\/2022\/05\/280183396_2187280481425011_3003311938101349545_n-1024x768.jpg 1024w, https:\/\/ukraina.kolping.pl\/wp-content\/uploads\/2022\/05\/280183396_2187280481425011_3003311938101349545_n-768x576.jpg 768w, https:\/\/ukraina.kolping.pl\/wp-content\/uploads\/2022\/05\/280183396_2187280481425011_3003311938101349545_n-1536x1152.jpg 1536w\" sizes=\"auto, (max-width: 2048px) 100vw, 2048px\" \/><\/figure>\n\n\n\n<figure class=\"wp-block-image size-large\"><img loading=\"lazy\" decoding=\"async\" width=\"1024\" height=\"768\" data-id=\"3683\" src=\"https:\/\/ukraina.kolping.pl\/wp-content\/uploads\/2023\/03\/WhatsApp-Image-2023-03-13-at-14.00.47-1024x768.jpeg\" alt=\"\" class=\"wp-image-3683\" srcset=\"https:\/\/ukraina.kolping.pl\/wp-content\/uploads\/2023\/03\/WhatsApp-Image-2023-03-13-at-14.00.47-1024x768.jpeg 1024w, https:\/\/ukraina.kolping.pl\/wp-content\/uploads\/2023\/03\/WhatsApp-Image-2023-03-13-at-14.00.47-300x225.jpeg 300w, https:\/\/ukraina.kolping.pl\/wp-content\/uploads\/2023\/03\/WhatsApp-Image-2023-03-13-at-14.00.47-768x576.jpeg 768w, https:\/\/ukraina.kolping.pl\/wp-content\/uploads\/2023\/03\/WhatsApp-Image-2023-03-13-at-14.00.47-1536x1152.jpeg 1536w, https:\/\/ukraina.kolping.pl\/wp-content\/uploads\/2023\/03\/WhatsApp-Image-2023-03-13-at-14.00.47.jpeg 2048w\" sizes=\"auto, (max-width: 1024px) 100vw, 1024px\" \/><\/figure>\n<\/figure>\n\n\n\n<p><\/p>\n\n\n\n<h2 class=\"wp-block-heading\">KOLPING Polska &#8211; jak pomagamy Ukrainie?:<\/h2>\n\n\n\n<div class=\"wp-block-columns is-layout-flex wp-container-core-columns-is-layout-9d6595d7 wp-block-columns-is-layout-flex\">\n<div class=\"wp-block-column is-layout-flow wp-block-column-is-layout-flow\">\n<figure class=\"wp-block-embed is-type-video is-provider-youtube wp-block-embed-youtube wp-embed-aspect-16-9 wp-has-aspect-ratio\"><div class=\"wp-block-embed__wrapper\">\n<iframe loading=\"lazy\" title=\"Marcowa pomoc dla Ukrainy\" width=\"800\" height=\"450\" src=\"https:\/\/www.youtube.com\/embed\/fYmCp7ZmV-Y?feature=oembed\" frameborder=\"0\" allow=\"accelerometer; autoplay; clipboard-write; encrypted-media; gyroscope; picture-in-picture; web-share\" allowfullscreen><\/iframe>\n<\/div><\/figure>\n<\/div>\n\n\n\n<div class=\"wp-block-column is-layout-flow wp-block-column-is-layout-flow\">\n<figure class=\"wp-block-embed is-type-video is-provider-youtube wp-block-embed-youtube wp-embed-aspect-16-9 wp-has-aspect-ratio\"><div class=\"wp-block-embed__wrapper\">\n<iframe loading=\"lazy\" title=\"Kolping praca - Ihor na sta\u017cu w piekarni Bardzo Dobry Chleb\" width=\"800\" height=\"450\" src=\"https:\/\/www.youtube.com\/embed\/uYjz2FnWcII?feature=oembed\" frameborder=\"0\" allow=\"accelerometer; autoplay; clipboard-write; encrypted-media; gyroscope; picture-in-picture; web-share\" allowfullscreen><\/iframe>\n<\/div><\/figure>\n<\/div>\n\n\n\n<div class=\"wp-block-column is-layout-flow wp-block-column-is-layout-flow\">\n<figure class=\"wp-block-embed is-type-video is-provider-youtube wp-block-embed-youtube wp-embed-aspect-16-9 wp-has-aspect-ratio\"><div class=\"wp-block-embed__wrapper\">\n<iframe loading=\"lazy\" title=\"Solidarni z Ukrain\u0105\" width=\"800\" height=\"450\" src=\"https:\/\/www.youtube.com\/embed\/_D61lAdpzbM?start=79&#038;feature=oembed\" frameborder=\"0\" allow=\"accelerometer; autoplay; clipboard-write; encrypted-media; gyroscope; picture-in-picture; web-share\" allowfullscreen><\/iframe>\n<\/div><\/figure>\n<\/div>\n<\/div>\n\n\n\n<p><\/p>\n\n\n<ol class=\"wp-block-footnotes\"><li id=\"4cd2c531-8d1b-49cc-8ff9-5b8ae685b55d\">Dary rzeczowe przyjmujemy w siedzibie KOLPING Polska ul. \u017bu\u0142owska 51. Prosimy o wcze\u015bniejszy kontakt z koordynatorem transport\u00f3w humanitarnych &#8211; J\u00f3zefem Sikorskim , jsikorski@kolping.pl <a href=\"#4cd2c531-8d1b-49cc-8ff9-5b8ae685b55d-link\" aria-label=\"Przejd\u017a do przypisu 1\">\u21a9\ufe0e<\/a><\/li><\/ol>","protected":false},"excerpt":{"rendered":"<p>KOLPING POLSKA OD POCZ\u0104TKU WOJNY REALIZUJE POMOC W ZAKRESIE: &nbsp; Uruchomili\u015bmy w naszym krakowskim biurze zbi\u00f3rk\u0119 dar\u00f3w rzeczowych. Zbieramy \u017cywno\u015b\u0107 z d\u0142ugim terminem wa\u017cno\u015bci oraz \u015brodki higieniczne, opatrunkowe, \u015brodki czysto\u015bci &#8230;<\/p>\n","protected":false},"author":3,"featured_media":2335,"parent":0,"menu_order":0,"comment_status":"closed","ping_status":"closed","template":"template-fullwidth.php","meta":{"give_campaign_id":0,"footnotes":"[{\"content\":\"Dary rzeczowe przyjmujemy w siedzibie KOLPING Polska ul. \u017bu\u0142owska 51. Prosimy o wcze\u015bniejszy kontakt z koordynatorem transport\u00f3w humanitarnych - J\u00f3zefem Sikorskim , jsikorski@kolping.pl\",\"id\":\"4cd2c531-8d1b-49cc-8ff9-5b8ae685b55d\"}]"},"class_list":["post-1583","page","type-page","status-publish","has-post-thumbnail","hentry"],"campaignId":"","_links":{"self":[{"href":"https:\/\/ukraina.kolping.pl\/index.php\/wp-json\/wp\/v2\/pages\/1583","targetHints":{"allow":["GET"]}}],"collection":[{"href":"https:\/\/ukraina.kolping.pl\/index.php\/wp-json\/wp\/v2\/pages"}],"about":[{"href":"https:\/\/ukraina.kolping.pl\/index.php\/wp-json\/wp\/v2\/types\/page"}],"author":[{"embeddable":true,"href":"https:\/\/ukraina.kolping.pl\/index.php\/wp-json\/wp\/v2\/users\/3"}],"replies":[{"embeddable":true,"href":"https:\/\/ukraina.kolping.pl\/index.php\/wp-json\/wp\/v2\/comments?post=1583"}],"version-history":[{"count":84,"href":"https:\/\/ukraina.kolping.pl\/index.php\/wp-json\/wp\/v2\/pages\/1583\/revisions"}],"predecessor-version":[{"id":3949,"href":"https:\/\/ukraina.kolping.pl\/index.php\/wp-json\/wp\/v2\/pages\/1583\/revisions\/3949"}],"wp:featuredmedia":[{"embeddable":true,"href":"https:\/\/ukraina.kolping.pl\/index.php\/wp-json\/wp\/v2\/media\/2335"}],"wp:attachment":[{"href":"https:\/\/ukraina.kolping.pl\/index.php\/wp-json\/wp\/v2\/media?parent=1583"}],"curies":[{"name":"wp","href":"https:\/\/api.w.org\/{rel}","templated":true}]}}