{"id":1579,"date":"2020-05-11T12:43:07","date_gmt":"2020-05-11T12:43:07","guid":{"rendered":"https:\/\/honduras.kolping.pl\/?page_id=1579"},"modified":"2024-01-18T11:42:32","modified_gmt":"2024-01-18T11:42:32","slug":"pomoc-humanitarna","status":"publish","type":"page","link":"https:\/\/ukraina.kolping.pl\/index.php\/pomoc-humanitarna\/","title":{"rendered":"Pomoc humanitarna"},"content":{"rendered":"\n<div class=\"wp-block-media-text alignwide is-stacked-on-mobile\"><figure class=\"wp-block-media-text__media\"><img loading=\"lazy\" decoding=\"async\" width=\"1024\" height=\"681\" src=\"https:\/\/ukraina.kolping.pl\/wp-content\/uploads\/2024\/01\/Low_Res-44-1024x681.jpg\" alt=\"\" class=\"wp-image-3924 size-full\" srcset=\"https:\/\/ukraina.kolping.pl\/wp-content\/uploads\/2024\/01\/Low_Res-44-1024x681.jpg 1024w, https:\/\/ukraina.kolping.pl\/wp-content\/uploads\/2024\/01\/Low_Res-44-300x200.jpg 300w, https:\/\/ukraina.kolping.pl\/wp-content\/uploads\/2024\/01\/Low_Res-44-768x511.jpg 768w, https:\/\/ukraina.kolping.pl\/wp-content\/uploads\/2024\/01\/Low_Res-44-1536x1022.jpg 1536w, https:\/\/ukraina.kolping.pl\/wp-content\/uploads\/2024\/01\/Low_Res-44-2048x1363.jpg 2048w\" sizes=\"auto, (max-width: 1024px) 100vw, 1024px\" \/><\/figure><div class=\"wp-block-media-text__content\">\n<p class=\"has-black-color has-luminous-vivid-amber-background-color has-text-color has-background has-small-font-size\">Kolping Polska organizuje transporty humanitarne do Kolpinga Ukraina z najpotrzebniejszymi rzeczami. Nasi partnerzy rozwo\u017c\u0105 dary po ca\u0142ym kraju oraz przekazuj\u0105 uchod\u017acom wewn\u0119trznym, kt\u00f3rych wspieraj\u0105 w U\u017chorodzie i Czerniowcach.<\/p>\n\n\n\n<p>Za zebrane pieni\u0105dze kupili\u015bmy m.in. ciep\u0142e ubrania, ko\u0142dry, \u0142\u00f3\u017cka polowe, agregaty pr\u0105dotw\u00f3rcze, \u017cywno\u015b\u0107, powerbanki, baterie, latarki, ubrania termiczne, artyku\u0142y higieniczne i leki. Wszystkie rzeczy, kt\u00f3re mog\u0105 cho\u0107 troch\u0119 u\u0142atwi\u0107 \u017cycie tamtejszym ludziom. &nbsp;<\/p>\n\n\n\n<p class=\"has-black-color has-luminous-vivid-amber-background-color has-text-color has-background\">Wznie\u015bmy serce nad z\u0142o i pom\u00f3\u017cmy mieszka\u0144com Ukrainy, najbardziej poszkodowanym w wojnie! <\/p>\n\n\n\n<p class=\"has-luminous-vivid-amber-color has-text-color\"><\/p>\n\n\n\n<p><\/p>\n\n\n\n<p><\/p>\n\n\n\n<p><\/p>\n<\/div><\/div>\n\n\n\n<p><\/p>\n\n\n\n<p><\/p>\n\n\n\n<p class=\"has-luminous-vivid-amber-background-color has-background has-medium-font-size\"><strong>GDZIE TRAFIA POMOC?<\/strong><\/p>\n\n\n\n<div class=\"wp-block-columns is-layout-flex wp-container-core-columns-is-layout-9d6595d7 wp-block-columns-is-layout-flex\">\n<div class=\"wp-block-column is-layout-flow wp-block-column-is-layout-flow\" style=\"flex-basis:66.66%\"><\/div>\n\n\n\n<div class=\"wp-block-column is-layout-flow wp-block-column-is-layout-flow\" style=\"flex-basis:33.33%\"><\/div>\n<\/div>\n\n\n\n<figure class=\"wp-block-gallery has-nested-images columns-default is-cropped wp-block-gallery-1 is-layout-flex wp-block-gallery-is-layout-flex\">\n<figure class=\"wp-block-image size-large is-style-default\"><img loading=\"lazy\" decoding=\"async\" width=\"952\" height=\"1009\" data-id=\"3490\" src=\"https:\/\/ukraina.kolping.pl\/wp-content\/uploads\/2022\/11\/313115989_470724698228029_8240689323590603111_n-1-1.jpg\" alt=\"\" class=\"wp-image-3490\" srcset=\"https:\/\/ukraina.kolping.pl\/wp-content\/uploads\/2022\/11\/313115989_470724698228029_8240689323590603111_n-1-1.jpg 952w, https:\/\/ukraina.kolping.pl\/wp-content\/uploads\/2022\/11\/313115989_470724698228029_8240689323590603111_n-1-1-283x300.jpg 283w, https:\/\/ukraina.kolping.pl\/wp-content\/uploads\/2022\/11\/313115989_470724698228029_8240689323590603111_n-1-1-768x814.jpg 768w\" sizes=\"auto, (max-width: 952px) 100vw, 952px\" \/><figcaption class=\"wp-element-caption\"><strong>Do os\u00f3b poszkodowanych w wyniku bombardowa\u0144<\/strong><\/figcaption><\/figure>\n\n\n\n<figure class=\"wp-block-image size-large is-style-default\"><img loading=\"lazy\" decoding=\"async\" width=\"1200\" height=\"1600\" data-id=\"3494\" src=\"https:\/\/ukraina.kolping.pl\/wp-content\/uploads\/2022\/11\/IMG-5098.jpg\" alt=\"\" class=\"wp-image-3494\" srcset=\"https:\/\/ukraina.kolping.pl\/wp-content\/uploads\/2022\/11\/IMG-5098.jpg 1200w, https:\/\/ukraina.kolping.pl\/wp-content\/uploads\/2022\/11\/IMG-5098-225x300.jpg 225w, https:\/\/ukraina.kolping.pl\/wp-content\/uploads\/2022\/11\/IMG-5098-768x1024.jpg 768w, https:\/\/ukraina.kolping.pl\/wp-content\/uploads\/2022\/11\/IMG-5098-1152x1536.jpg 1152w\" sizes=\"auto, (max-width: 1200px) 100vw, 1200px\" \/><figcaption class=\"wp-element-caption\"><strong>Do os\u00f3b pozostaj\u0105cych na Ukrainie, cz\u0119sto mieszkaj\u0105cych w schronach i bunkrach.<\/strong><\/figcaption><\/figure>\n\n\n\n<figure class=\"wp-block-image size-large is-style-default\"><img loading=\"lazy\" decoding=\"async\" width=\"900\" height=\"1600\" data-id=\"3496\" src=\"https:\/\/ukraina.kolping.pl\/wp-content\/uploads\/2022\/11\/IMG-5100.jpg\" alt=\"\" class=\"wp-image-3496\" srcset=\"https:\/\/ukraina.kolping.pl\/wp-content\/uploads\/2022\/11\/IMG-5100.jpg 900w, https:\/\/ukraina.kolping.pl\/wp-content\/uploads\/2022\/11\/IMG-5100-169x300.jpg 169w, https:\/\/ukraina.kolping.pl\/wp-content\/uploads\/2022\/11\/IMG-5100-576x1024.jpg 576w, https:\/\/ukraina.kolping.pl\/wp-content\/uploads\/2022\/11\/IMG-5100-768x1365.jpg 768w, https:\/\/ukraina.kolping.pl\/wp-content\/uploads\/2022\/11\/IMG-5100-864x1536.jpg 864w\" sizes=\"auto, (max-width: 900px) 100vw, 900px\" \/><figcaption class=\"wp-element-caption\"><strong>Do senior\u00f3w i os\u00f3b niepe\u0142nosprawnych, kt\u00f3rzy postanowili pozosta\u0107 w ogarni\u0119tej wojn\u0105 Ukrainie.<\/strong><\/figcaption><\/figure>\n\n\n\n<figure class=\"wp-block-image size-large is-style-default\"><img loading=\"lazy\" decoding=\"async\" width=\"1024\" height=\"768\" data-id=\"3497\" src=\"https:\/\/ukraina.kolping.pl\/wp-content\/uploads\/2022\/11\/0-02-05-50c92aa7a4f152776518d085280340a69aebaae2ed00af3ce348a260d46d0e88_fcd6b3c14bb85044-1024x768.jpg\" alt=\"\" class=\"wp-image-3497\" srcset=\"https:\/\/ukraina.kolping.pl\/wp-content\/uploads\/2022\/11\/0-02-05-50c92aa7a4f152776518d085280340a69aebaae2ed00af3ce348a260d46d0e88_fcd6b3c14bb85044-1024x768.jpg 1024w, https:\/\/ukraina.kolping.pl\/wp-content\/uploads\/2022\/11\/0-02-05-50c92aa7a4f152776518d085280340a69aebaae2ed00af3ce348a260d46d0e88_fcd6b3c14bb85044-300x225.jpg 300w, https:\/\/ukraina.kolping.pl\/wp-content\/uploads\/2022\/11\/0-02-05-50c92aa7a4f152776518d085280340a69aebaae2ed00af3ce348a260d46d0e88_fcd6b3c14bb85044-768x576.jpg 768w, https:\/\/ukraina.kolping.pl\/wp-content\/uploads\/2022\/11\/0-02-05-50c92aa7a4f152776518d085280340a69aebaae2ed00af3ce348a260d46d0e88_fcd6b3c14bb85044-1536x1152.jpg 1536w, https:\/\/ukraina.kolping.pl\/wp-content\/uploads\/2022\/11\/0-02-05-50c92aa7a4f152776518d085280340a69aebaae2ed00af3ce348a260d46d0e88_fcd6b3c14bb85044.jpg 1600w\" sizes=\"auto, (max-width: 1024px) 100vw, 1024px\" \/><figcaption class=\"wp-element-caption\"><strong>Do sto\u0142\u00f3wek wydaj\u0105cych posi\u0142ki uchod\u017acom przesiedlonym z teren\u00f3w ostrzeliwanych na zach\u00f3d Ukrainy.<\/strong><\/figcaption><\/figure>\n\n\n\n<figure class=\"wp-block-image size-large is-style-default\"><img loading=\"lazy\" decoding=\"async\" width=\"900\" height=\"1600\" data-id=\"3495\" src=\"https:\/\/ukraina.kolping.pl\/wp-content\/uploads\/2022\/11\/IMG-5099-1.jpg\" alt=\"\" class=\"wp-image-3495\" srcset=\"https:\/\/ukraina.kolping.pl\/wp-content\/uploads\/2022\/11\/IMG-5099-1.jpg 900w, https:\/\/ukraina.kolping.pl\/wp-content\/uploads\/2022\/11\/IMG-5099-1-169x300.jpg 169w, https:\/\/ukraina.kolping.pl\/wp-content\/uploads\/2022\/11\/IMG-5099-1-576x1024.jpg 576w, https:\/\/ukraina.kolping.pl\/wp-content\/uploads\/2022\/11\/IMG-5099-1-768x1365.jpg 768w, https:\/\/ukraina.kolping.pl\/wp-content\/uploads\/2022\/11\/IMG-5099-1-864x1536.jpg 864w\" sizes=\"auto, (max-width: 900px) 100vw, 900px\" \/><figcaption class=\"wp-element-caption\"><strong>Do m\u0119\u017cczyzn powo\u0142ywanych do walki na wojnie.<\/strong><\/figcaption><\/figure>\n\n\n\n<figure class=\"wp-block-image size-large is-style-default\"><img loading=\"lazy\" decoding=\"async\" width=\"576\" height=\"1024\" data-id=\"3525\" src=\"https:\/\/ukraina.kolping.pl\/wp-content\/uploads\/2022\/12\/IMG-5341-1-576x1024.jpg\" alt=\"\" class=\"wp-image-3525\" srcset=\"https:\/\/ukraina.kolping.pl\/wp-content\/uploads\/2022\/12\/IMG-5341-1-576x1024.jpg 576w, https:\/\/ukraina.kolping.pl\/wp-content\/uploads\/2022\/12\/IMG-5341-1-169x300.jpg 169w, https:\/\/ukraina.kolping.pl\/wp-content\/uploads\/2022\/12\/IMG-5341-1-768x1365.jpg 768w, https:\/\/ukraina.kolping.pl\/wp-content\/uploads\/2022\/12\/IMG-5341-1-864x1536.jpg 864w, https:\/\/ukraina.kolping.pl\/wp-content\/uploads\/2022\/12\/IMG-5341-1.jpg 900w\" sizes=\"auto, (max-width: 576px) 100vw, 576px\" \/><figcaption class=\"wp-element-caption\"><strong>Do rodzin takich jak Twoja<\/strong>&#8230;<\/figcaption><\/figure>\n<\/figure>\n\n\n\n<h2 class=\"wp-block-heading\"><\/h2>\n\n\n\n<div class=\"wp-block-buttons is-vertical is-content-justification-center is-layout-flex wp-container-core-buttons-is-layout-9a7cdcfd wp-block-buttons-is-layout-flex\">\n<div class=\"wp-block-button has-custom-font-size has-medium-font-size\"><a class=\"wp-block-button__link has-white-color has-vivid-red-background-color has-text-color has-background wp-element-button\" href=\"https:\/\/ukraina.kolping.pl\/index.php\/wplac\/\">WP\u0141ACAM<\/a><\/div>\n<\/div>\n\n\n\n<p><\/p>\n\n\n\n<p><\/p>\n\n\n\n<p><\/p>\n","protected":false},"excerpt":{"rendered":"<p>Kolping Polska organizuje transporty humanitarne do Kolpinga Ukraina z najpotrzebniejszymi rzeczami. Nasi partnerzy rozwo\u017c\u0105 dary po ca\u0142ym kraju oraz przekazuj\u0105 uchod\u017acom wewn\u0119trznym, kt\u00f3rych wspieraj\u0105 w U\u017chorodzie i Czerniowcach. Za zebrane &#8230;<\/p>\n","protected":false},"author":3,"featured_media":0,"parent":0,"menu_order":0,"comment_status":"closed","ping_status":"closed","template":"template-fullwidth.php","meta":{"give_campaign_id":0,"footnotes":""},"class_list":["post-1579","page","type-page","status-publish","hentry"],"campaignId":"","_links":{"self":[{"href":"https:\/\/ukraina.kolping.pl\/index.php\/wp-json\/wp\/v2\/pages\/1579","targetHints":{"allow":["GET"]}}],"collection":[{"href":"https:\/\/ukraina.kolping.pl\/index.php\/wp-json\/wp\/v2\/pages"}],"about":[{"href":"https:\/\/ukraina.kolping.pl\/index.php\/wp-json\/wp\/v2\/types\/page"}],"author":[{"embeddable":true,"href":"https:\/\/ukraina.kolping.pl\/index.php\/wp-json\/wp\/v2\/users\/3"}],"replies":[{"embeddable":true,"href":"https:\/\/ukraina.kolping.pl\/index.php\/wp-json\/wp\/v2\/comments?post=1579"}],"version-history":[{"count":98,"href":"https:\/\/ukraina.kolping.pl\/index.php\/wp-json\/wp\/v2\/pages\/1579\/revisions"}],"predecessor-version":[{"id":3930,"href":"https:\/\/ukraina.kolping.pl\/index.php\/wp-json\/wp\/v2\/pages\/1579\/revisions\/3930"}],"wp:attachment":[{"href":"https:\/\/ukraina.kolping.pl\/index.php\/wp-json\/wp\/v2\/media?parent=1579"}],"curies":[{"name":"wp","href":"https:\/\/api.w.org\/{rel}","templated":true}]}}